{"id":1261,"date":"2021-06-14T09:34:55","date_gmt":"2021-06-14T09:34:55","guid":{"rendered":"http:\/\/lafermedejeanne.com\/?page_id=1261"},"modified":"2022-01-19T11:11:49","modified_gmt":"2022-01-19T11:11:49","slug":"tarifs","status":"publish","type":"page","link":"https:\/\/lafermedejeanne.com\/index.php\/tarifs\/","title":{"rendered":"Tarifs"},"content":{"rendered":"<p>[vc_row equal_height=\u00a0\u00bbyes\u00a0\u00bb content_placement=\u00a0\u00bbmiddle\u00a0\u00bb css=\u00a0\u00bb.vc_custom_1561964015799{padding-bottom: 50px !important;}\u00a0\u00bb][vc_column width=\u00a0\u00bb1\/2&Prime; css=\u00a0\u00bb.vc_custom_1561963982378{padding-right: 7% !important;padding-bottom: 30px !important;padding-left: 7% !important;}\u00a0\u00bb]<div id=\"ultimate-heading-930969f2f1d329135\" class=\"uvc-heading ult-adjust-bottom-margin ultimate-heading-930969f2f1d329135 uvc-7126  uvc-heading-default-font-sizes\" data-hspacer=\"no_spacer\"  data-halign=\"left\" style=\"text-align:left\"><div class=\"uvc-heading-spacer no_spacer\" style=\"top\"><\/div><div class=\"uvc-main-heading ult-responsive\"  data-ultimate-target='.uvc-heading.ultimate-heading-930969f2f1d329135 h2'  data-responsive-json-new='{\"font-size\":\"\",\"line-height\":\"\"}' ><h2 style=\"--font-weight:theme;margin-bottom:30px;\">Tarifs<\/h2><\/div><div class=\"uvc-sub-heading ult-responsive\"  data-ultimate-target='.uvc-heading.ultimate-heading-930969f2f1d329135 .uvc-sub-heading '  data-responsive-json-new='{\"font-size\":\"\",\"line-height\":\"\"}'  style=\"font-weight:normal;\"><\/p>\n<ul>\n<li>G\u00eete rural de 15 places (\u00e0 partir de 2500 \u20ac \/ semaine)<\/li>\n<li>Hors saison : \u00e0 partir de 900 \u20ac \/ W.E<\/li>\n<li>Commodit\u00e9s: Wifi, machine \u00e0 laver le linge, po\u00eale \u00e0 bois, four \u00e0 Pain<\/li>\n<\/ul>\n<p><\/div><\/div>[vc_btn title=\u00a0\u00bbR\u00e9server maintenant\u00a0\u00bb color=\u00a0\u00bbwarning\u00a0\u00bb align=\u00a0\u00bbright\u00a0\u00bb link=\u00a0\u00bburl:http%3A%2F%2Flafermedejeanne.com%2Findex.php%2Freservation%2F\u00a0\u00bb][\/vc_column][vc_column width=\u00a0\u00bb1\/2&Prime;][vc_single_image image=\u00a0\u00bb1225&Prime; img_size=\u00a0\u00bb2000&#215;800&Prime; alignment=\u00a0\u00bbcenter\u00a0\u00bb css=\u00a0\u00bb.vc_custom_1623663063777{margin-bottom: 30px !important;}\u00a0\u00bb][\/vc_column][\/vc_row][vc_row equal_height=\u00a0\u00bbyes\u00a0\u00bb content_placement=\u00a0\u00bbmiddle\u00a0\u00bb css=\u00a0\u00bb.vc_custom_1561964015799{padding-bottom: 50px !important;}\u00a0\u00bb][vc_column width=\u00a0\u00bb1\/2&Prime; css=\u00a0\u00bb.vc_custom_1561963982378{padding-right: 7% !important;padding-bottom: 30px !important;padding-left: 7% !important;}\u00a0\u00bb][vc_single_image image=\u00a0\u00bb1308&Prime; img_size=\u00a0\u00bb2000&#215;800&Prime; alignment=\u00a0\u00bbcenter\u00a0\u00bb css=\u00a0\u00bb.vc_custom_1642590674884{margin-bottom: 30px !important;}\u00a0\u00bb][\/vc_column][vc_column width=\u00a0\u00bb1\/2&Prime;]<div id=\"ultimate-heading-348869f2f1d32916b\" class=\"uvc-heading ult-adjust-bottom-margin ultimate-heading-348869f2f1d32916b uvc-89  uvc-heading-default-font-sizes\" data-hspacer=\"no_spacer\"  data-halign=\"left\" style=\"text-align:left\"><div class=\"uvc-heading-spacer no_spacer\" style=\"top\"><\/div><div class=\"uvc-main-heading ult-responsive\"  data-ultimate-target='.uvc-heading.ultimate-heading-348869f2f1d32916b h2'  data-responsive-json-new='{\"font-size\":\"\",\"line-height\":\"\"}' ><h2 style=\"--font-weight:theme;margin-bottom:30px;\">S\u00e9minaire<\/h2><\/div><\/div>[vc_btn title=\u00a0\u00bbT\u00e9l\u00e9charger notre brochure\u00a0\u00bb color=\u00a0\u00bbwarning\u00a0\u00bb align=\u00a0\u00bbleft\u00a0\u00bb link=\u00a0\u00bburl:http%3A%2F%2Flafermedejeanne.com%2Fwp-content%2Fuploads%2F2022%2F01%2FFerme-de-Jeanne-se%CC%81minaire.pdf\u00a0\u00bb][\/vc_column][\/vc_row]<\/p>\n","protected":false},"excerpt":{"rendered":"<p>[vc_row equal_height=\u00a0\u00bbyes\u00a0\u00bb content_placement=\u00a0\u00bbmiddle\u00a0\u00bb css=\u00a0\u00bb.vc_custom_1561964015799{padding-bottom: 50px !important;}\u00a0\u00bb][vc_column width=\u00a0\u00bb1\/2&Prime; css=\u00a0\u00bb.vc_custom_1561963982378{padding-right: 7% !important;padding-bottom: 30px !important;padding-left: 7% !important;}\u00a0\u00bb][vc_btn title=\u00a0\u00bbR\u00e9server maintenant\u00a0\u00bb color=\u00a0\u00bbwarning\u00a0\u00bb align=\u00a0\u00bbright\u00a0\u00bb link=\u00a0\u00bburl:http%3A%2F%2Flafermedejeanne.com%2Findex.php%2Freservation%2F\u00a0\u00bb][\/vc_column][vc_column width=\u00a0\u00bb1\/2&Prime;][vc_single_image image=\u00a0\u00bb1225&Prime; img_size=\u00a0\u00bb2000&#215;800&Prime; alignment=\u00a0\u00bbcenter\u00a0\u00bb css=\u00a0\u00bb.vc_custom_1623663063777{margin-bottom: 30px !important;}\u00a0\u00bb][\/vc_column][\/vc_row][vc_row equal_height=\u00a0\u00bbyes\u00a0\u00bb content_placement=\u00a0\u00bbmiddle\u00a0\u00bb css=\u00a0\u00bb.vc_custom_1561964015799{padding-bottom: 50px !important;}\u00a0\u00bb][vc_column width=\u00a0\u00bb1\/2&Prime; css=\u00a0\u00bb.vc_custom_1561963982378{padding-right: 7% !important;padding-bottom: 30px !important;padding-left: 7% !important;}\u00a0\u00bb][vc_single_image image=\u00a0\u00bb1308&Prime; img_size=\u00a0\u00bb2000&#215;800&Prime; alignment=\u00a0\u00bbcenter\u00a0\u00bb css=\u00a0\u00bb.vc_custom_1642590674884{margin-bottom: 30px !important;}\u00a0\u00bb][\/vc_column][vc_column width=\u00a0\u00bb1\/2&Prime;][vc_btn title=\u00a0\u00bbT\u00e9l\u00e9charger notre brochure\u00a0\u00bb color=\u00a0\u00bbwarning\u00a0\u00bb align=\u00a0\u00bbleft\u00a0\u00bb link=\u00a0\u00bburl:http%3A%2F%2Flafermedejeanne.com%2Fwp-content%2Fuploads%2F2022%2F01%2FFerme-de-Jeanne-se%CC%81minaire.pdf\u00a0\u00bb][\/vc_column][\/vc_row]<\/p>\n","protected":false},"author":1,"featured_media":0,"parent":0,"menu_order":0,"comment_status":"closed","ping_status":"closed","template":"","meta":[],"class_list":["post-1261","page","type-page","status-publish","hentry","description-off"],"_links":{"self":[{"href":"https:\/\/lafermedejeanne.com\/index.php\/wp-json\/wp\/v2\/pages\/1261","targetHints":{"allow":["GET"]}}],"collection":[{"href":"https:\/\/lafermedejeanne.com\/index.php\/wp-json\/wp\/v2\/pages"}],"about":[{"href":"https:\/\/lafermedejeanne.com\/index.php\/wp-json\/wp\/v2\/types\/page"}],"author":[{"embeddable":true,"href":"https:\/\/lafermedejeanne.com\/index.php\/wp-json\/wp\/v2\/users\/1"}],"replies":[{"embeddable":true,"href":"https:\/\/lafermedejeanne.com\/index.php\/wp-json\/wp\/v2\/comments?post=1261"}],"version-history":[{"count":7,"href":"https:\/\/lafermedejeanne.com\/index.php\/wp-json\/wp\/v2\/pages\/1261\/revisions"}],"predecessor-version":[{"id":1309,"href":"https:\/\/lafermedejeanne.com\/index.php\/wp-json\/wp\/v2\/pages\/1261\/revisions\/1309"}],"wp:attachment":[{"href":"https:\/\/lafermedejeanne.com\/index.php\/wp-json\/wp\/v2\/media?parent=1261"}],"curies":[{"name":"wp","href":"https:\/\/api.w.org\/{rel}","templated":true}]}}

<p>[vc_row equal_height= »yes » content_placement= »middle » css= ».vc_custom_1561964015799{padding-bottom: 50px !important;} »][vc_column width= »1/2&Prime; css= ».vc_custom_1561963982378{padding-right: 7% !important;padding-bottom: 30px !important;padding-left: 7% !important;} »]<div id="ultimate-heading-930969f2f1d329135" class="uvc-heading ult-adjust-bottom-margin ultimate-heading-930969f2f1d329135 uvc-7126  uvc-heading-default-font-sizes" data-hspacer="no_spacer"  data-halign="left" style="text-align:left"><div class="uvc-heading-spacer no_spacer" style="top"></div><div class="uvc-main-heading ult-responsive"  data-ultimate-target='.uvc-heading.ultimate-heading-930969f2f1d329135 h2'  data-responsive-json-new='{"font-size":"","line-height":""}' ><h2 style="--font-weight:theme;margin-bottom:30px;">Tarifs</h2></div><div class="uvc-sub-heading ult-responsive"  data-ultimate-target='.uvc-heading.ultimate-heading-930969f2f1d329135 .uvc-sub-heading '  data-responsive-json-new='{"font-size":"","line-height":""}'  style="font-weight:normal;"></p>
<ul>
<li>Gîte rural de 15 places (à partir de 2500 € / semaine)</li>
<li>Hors saison : à partir de 900 € / W.E</li>
<li>Commodités: Wifi, machine à laver le linge, poêle à bois, four à Pain</li>
</ul>
<p></div></div>[vc_btn title= »Réserver maintenant » color= »warning » align= »right » link= »url:http%3A%2F%2Flafermedejeanne.com%2Findex.php%2Freservation%2F »][/vc_column][vc_column width= »1/2&Prime;][vc_single_image image= »1225&Prime; img_size= »2000&#215;800&Prime; alignment= »center » css= ».vc_custom_1623663063777{margin-bottom: 30px !important;} »][/vc_column][/vc_row][vc_row equal_height= »yes » content_placement= »middle » css= ».vc_custom_1561964015799{padding-bottom: 50px !important;} »][vc_column width= »1/2&Prime; css= ».vc_custom_1561963982378{padding-right: 7% !important;padding-bottom: 30px !important;padding-left: 7% !important;} »][vc_single_image image= »1308&Prime; img_size= »2000&#215;800&Prime; alignment= »center » css= ».vc_custom_1642590674884{margin-bottom: 30px !important;} »][/vc_column][vc_column width= »1/2&Prime;]<div id="ultimate-heading-348869f2f1d32916b" class="uvc-heading ult-adjust-bottom-margin ultimate-heading-348869f2f1d32916b uvc-89  uvc-heading-default-font-sizes" data-hspacer="no_spacer"  data-halign="left" style="text-align:left"><div class="uvc-heading-spacer no_spacer" style="top"></div><div class="uvc-main-heading ult-responsive"  data-ultimate-target='.uvc-heading.ultimate-heading-348869f2f1d32916b h2'  data-responsive-json-new='{"font-size":"","line-height":""}' ><h2 style="--font-weight:theme;margin-bottom:30px;">Séminaire</h2></div></div>[vc_btn title= »Télécharger notre brochure » color= »warning » align= »left » link= »url:http%3A%2F%2Flafermedejeanne.com%2Fwp-content%2Fuploads%2F2022%2F01%2FFerme-de-Jeanne-se%CC%81minaire.pdf »][/vc_column][/vc_row]</p>

<p>[vc_row equal_height= »yes » content_placement= »middle » css= ».vc_custom_1561964015799{padding-bottom: 50px !important;} »][vc_column width= »1/2&Prime; css= ».vc_custom_1561963982378{padding-right: 7% !important;padding-bottom: 30px !important;padding-left: 7% !important;} »][vc_btn title= »Réserver maintenant » color= »warning » align= »right » link= »url:http%3A%2F%2Flafermedejeanne.com%2Findex.php%2Freservation%2F »][/vc_column][vc_column width= »1/2&Prime;][vc_single_image image= »1225&Prime; img_size= »2000&#215;800&Prime; alignment= »center » css= ».vc_custom_1623663063777{margin-bottom: 30px !important;} »][/vc_column][/vc_row][vc_row equal_height= »yes » content_placement= »middle » css= ».vc_custom_1561964015799{padding-bottom: 50px !important;} »][vc_column width= »1/2&Prime; css= ».vc_custom_1561963982378{padding-right: 7% !important;padding-bottom: 30px !important;padding-left: 7% !important;} »][vc_single_image image= »1308&Prime; img_size= »2000&#215;800&Prime; alignment= »center » css= ».vc_custom_1642590674884{margin-bottom: 30px !important;} »][/vc_column][vc_column width= »1/2&Prime;][vc_btn title= »Télécharger notre brochure » color= »warning » align= »left » link= »url:http%3A%2F%2Flafermedejeanne.com%2Fwp-content%2Fuploads%2F2022%2F01%2FFerme-de-Jeanne-se%CC%81minaire.pdf »][/vc_column][/vc_row]</p>
